ded by 835.
27
Calculate the remainder when 117090 is divided by 58533.
24
Calculate the remainder when 1490 is divided by 457.
119
What is the remainder when 4756 is divided by 14?
10
What is the remainder when 3816 is divided by 754?
46
What is the remainder when 21188 is divided by 22?
2
What is the remainder when 11193 is divided by 11175?
18
What is the remainder when 10586 is divided by 134?
0
What is the remainder when 4134 is divided by 1254?
372
What is the remainder when 31844 is divided by 6350?
94
What is the remainder when 4595 is divided by 48?
35
Calculate the remainder when 28138 is divided by 14060.
18
Calculate the remainder when 10080 is divided by 3356.
12
What is the remainder when 1759031 is divided by 351806?
1
Calculate the remainder when 46735 is divided by 20.
15
Calculate the remainder when 1113 is divided by 219.
18
Calculate the remainder when 67215 is divided by 39.
18
What is the remainder when 898 is divided by 137?
76
What is the remainder when 2961658 is divided by 1133?
1129
Calculate the remainder when 181115 is divided by 18109.
25
What is the remainder when 6284 is divided by 252?
236
Calculate the remainder when 1854 is divided by 221.
86
Calculate the remainder when 530313 is divided by 36.
33
What is the remainder when 8590 is divided by 1633?
425
Calculate the remainder when 22655 is divided by 396.
83
Calculate the remainder when 73881 is divided by 377.
366
Calculate the remainder when 10729 is divided by 148.
73
Calculate the remainder when 43431 is divided by 488.
487
What is the remainder when 76012 is divided by 58?
32
Calculate the remainder when 243216 is divided by 48625.
91
Calculate the remainder when 1321183 is divided by 6573.
10
What is the remainder when 990 is divided by 73?
41
What is the remainder when 32687 is divided by 202?
165
What is the remainder when 798546 is divided by 1007?
1002
Calculate the remainder when 3173 is divided by 1575.
23
Calculate the remainder when 758277 is divided by 1003.
9
What is the remainder when 3747 is divided by 1191?
174
What is the remainder when 96609 is divided by 213?
120
What is the remainder when 619622 is divided by 584?
582
What is the remainder when 125572 is divided by 1720?
12
What is the remainder when 16814 is divided by 82?
4
Calculate the remainder when 602 is divided by 9.
8
What is the remainder when 188880 is divided by 104?
16
Calculate the remainder when 6644 is divided by 739.
732
Calculate the remainder when 17766 is divided by 41.
13
Calculate the remainder when 25911 is divided by 2354.
17
Calculate the remainder when 12771 is divided by 12719.
52
What is the remainder when 10944 is divided by 1063?
314
Calculate the remainder when 37788 is divided by 708.
264
What is the remainder when 5010 is divided by 2505?
0
What is the remainder when 4818 is divided by 267?
12
What is the remainder when 4215 is divided by 233?
21
What is the remainder when 3332 is divided by 3219?
113
Calculate the remainder when 19130 is divided by 3690.
680
What is the remainder when 60308 is divided by 314?
20
Calculate the remainder when 964 is divided by 597.
367
Calculate the remainder when 2482 is divided by 51.
34
What is the remainder when 1308 is divided by 35?
13
Calculate the remainder when 21582 is divided by 4300.
82
What is the remainder when 7541 is divided by 920?
181
What is the remainder when 19186 is divided by 108?
70
Calculate the remainder when 50532 is divided by 25263.
6
Calculate the remainder when 9170 is divided by 164.
150
Calculate the remainder when 51225 is divided by 12.
9
What is the remainder when 39942 is divided by 15?
12
What is the remainder when 764145 is divided by 21?
18
Calculate the remainder when 329745 is divided by 158.
157
What is the remainder when 5622120 is divided by 13?
10
What is the remainder when 3328 is divided by 90?
88
Calculate the remainder when 1000 is divided by 155.
70
Calculate the remainder when 457 is divided by 29.
22
Calculate the remainder when 13640 is divided by 6782.
76
Calculate the remainder when 6102810 is divided by 17.
14
What is the remainder when 1592 is divided by 520?
32
Calculate the remainder when 9516 is divided by 67.
2
Calculate the remainder when 4785 is divided by 1198.
1191
What is the remainder when 272635 is divided by 127?
93
Calculate the remainder when 108700 is divided by 183.
181
Calculate the remainder when 21278 is divided by 43.
36
What is the remainder when 6680 is divided by 28?
16
Calculate the remainder when 9219 is divided by 4608.
3
Calculate the remainder when 1343 is divided by 8.
7
What is the remainder when 16940 is divided by 45?
20
What is the remainder when 4475 is divided by 98?
65
What is the remainder when 530009 is divided by 215?
34
Calculate the remainder when 3671 is divided by 898.
79
What is the remainder when 798142 is divided by 2242?
2232
What is the remainder when 21961 is divided by 2742?
25
Calculate the remainder when 36731 is divided by 7.
2
What is the remainder when 960 is divided by 6?
0
What is the remainder when 1729 is divided by 49?
14
What is the remainder when 8130 is divided by 12?
6
Calculate the remainder when 27020 is divided by 62.
50
What is the remainder when 27297 is divided by 60?
57
Calculate the remainder when 608007 is divided by 39.
36
What is the remainder when 23252 is divided by 55?
42
Calculate the remainder when 877139 is divided by 90.
89
What is the remainder when 205608 is divided by 21?
18
What is the remainder when 104945 is divided by 169?
165
What is the remainder when 3595 is divided by 287?
151
What is the remainder when 29923 is divided by 29689?
234
Calculate the remainder when 15311 is divided by 82.
59
What is the remainder when 983 is divided by 194?
13
What is the remainder when 3237 is divided by 1575?
87
What is the remainder when 20755 is divided by 4149?
10
What is the remainder when 426561 is divided by 213265?
31
Calculate the remainder when 297267 is divided by 38.
31
What is the remainder when 28791 is divided by 1439?
11
Calculate the remainder when 15405 is divided by 23.
18
Calculate the remainder when 1319999 is divided by 528.
527
What is the remainder when 15813 is divided by 19?
5
Calculate the remainder when 4182 is divided by 383.
352
What is the remainder when 14061 is divided by 96?
45
Calculate the remainder when 135313 is divided by 58.
57
Calculate the remainder when 70514 is divided by 8813.
10
What is the remainder when 16474 is divided by 8225?
24
What is the remainder when 10368 is divided by 3448?
24
What is the remainder when 9300 is divided by 18?
12
Calculate the remainder when 27088 is divided by 2618.
908
Calculate the remainder when 2923 is divided by 244.
239
What is the remainder when 1411 is divided by 83?
0
What is the remainder when 335 is divided by 169?
166
What is the remainder when 17197 is divided by 310?
147
Calculate the remainder when 1798 is divided by 66.
16
What is the remainder when 279286 is divided by 112?
70
Calculate the remainder when 9841 is divided by 11.
7
What is the remainder when 10266 is divided by 35?
11
What is the remainder when 79549 is divided by 32?
29
What is the remainder when 1150679 is divided by 12?
11
What is the remainder when 117457 is divided by 50?
7
What is the remainder when 378 is divided by 220?
158
What is the remainder when 62029 is divided by 422?
417
Calculate the remainder when 16253 is divided by 29.
13
Calculate the remainder when 21406 is divided by 820.
86
What is the remainder when 84515 is divided by 1566?
1517
What is the remainder when 27932 is divided by 63?
23
Calculate the remainder when 17299 is divided by 356.
211
What is the remainder when 1200 is divided by 670?
530
Calculate the remainder when 83565 is divided by 2089.
5
Calculate the remainder when 23033 is divided by 7.
3
What is the remainder when 44614 is divided by 7428?
46
What is the remainder when 662126 is divided by 58?
56
Calculate the remainder when 406773 is divided by 197.
165
Calculate the remainder when 226937 is divided by 4.
1
Calculate the remainder when 1905 is divided by 192.
177
What is the remainder when 288125 is divided by 481?
6
What is the remainder when 329305 is divided by 38?
35
Calculate the remain